) = -i**2 + 21*i + 395. Give a(c).
-1
Let d(t) = -t**2 + 25*t - 45. Let w be d(16). Let g = 107 - w. Suppose -10*h + 14 = -g*h. Let v(q) = -q**2 + 8*q - 5. Give v(h).
2
Let f(t) be the first derivative of t**2 + 17*t + 2366. Give f(0).
17
Let z(q) be the first derivative of -7*q**2 - 105*q - 2051. What is z(-7)?
-7
Let g(i) be the third derivative of -7*i**4/8 - 25*i**3/6 + 2*i**2 + 2*i - 1065. Calculate g(-6).
101
Let s(r) = -5*r - 10. Let z(t) = -t**3 + 27*t**2 - 27*t + 38. Let d be z(26). Determine s(d).
-70
Let z(k) = -k**3 + 4*k**2 - 30*k + 184. Let s be z(5). Let g(r) be the first derivative of -s + 2*r + 1/2*r**2. Give g(6).
8
Let y(n) = 8*n + n**2 - 1 - n - 1. Let v(z) = z + 5. Suppose -4*u + 22 - 62 = 0. Let c be v(u). Calculate y(c).
-12
Let k(f) = -f + 6. Let u be k(6). Let h(a) be the first derivative of a**3/3 - a**2/2 + 13*a - 105593. What is h(u)?
13
Suppose 8*w = 20*w - 36. Let x(i) = 6 + 3 - 7*i + w - 10. Give x(-4).
30
Let c(b) be the first derivative of -b**4/2 + 3*b**2/2 - 18*b + 39. Let i(g) = g**3 - 2*g + 9. Let v(k) = 3*c(k) + 5*i(k). Give v(0).
-9
Let w(u) = u**2 - 67*u - 79. Let x be w(68). Let t(s) = -2*s**2 - 15*s + 14. Give t(x).
-63
Let j(v) be the second derivative of v**3 + 48*v - 3/2*v**2 + 0 - 1/12*v**4. Determine j(4).
5
Let s(k) be the second derivative of -k**4/12 + 5*k**3/6 - 3*k**2/2 + 13*k - 16. Determine s(5).
-3
Let g(f) = -f**2 + 7 - f + 20 - 7*f. Suppose -1305 = -31*k + 148*k - 18. Calculate g(k).
-6
Let a(r) = -31*r - 52. Let l(z) = 235*z + 365. Let w(i) = -15*a(i) - 2*l(i). Determine w(9).
5
Let x be (8/(-6))/((-13)/39). Let m(w) = -w + 19 - 3*w - 2*w - 7. Let l(u) = 5*u - 11. Let q(g) = -5*l(g) - 4*m(g). Calculate q(x).
3
Let r(x) = 3*x**2 - 13*x + 1. Let i(n) = n**3 - n**2 - n. Let y(f) = -3*i(f) - r(f). Let u(z) be the second derivative of y(z). Calculate u(-1).
18
Let z(n) = 8 + 16*n**2 + 11*n**2 - 14*n - n**2 + n**3 - 12*n**2. What is z(-15)?
-7
Let c(x) = 10*x + 5. Let n(h) = -3*h - 1. Let i(y) = 2*c(y) + 3*n(y). Determine i(-3).
-26
Let g(u) be the third derivative of u**5/60 + 7*u**4/24 + u**3 + 8415*u**2. Let p be (-2)/7 + 116/14. Let b = 2 - p. Determine g(b).
0
Let q(l) be the first derivative of l**3/3 - l**2 + 7*l - 1596. Determine q(0).
7
Let c(k) be the first derivative of k**3/3 - 5*k**2/2 + 18*k - 2310. Calculate c(10).
68
Suppose 17 = 5*y - 2*g, 3*y - 3*g - 2 - 1 = 0. Let q(k) = -2*k + 20. Let d be q(y). Suppose 0 = 4*s + 34 - d. Let r(p) = p**3 + 7*p**2 + 4*p - 2. What is r(s)?
10
Let n be (-30)/80 + (-70)/(-16). Suppose -5*i = 3*q + 16, -q - n*i - 3 = 14. Let z(w) = w**3 + w**2 - 4*w + 3. Determine z(q).
27
Let c(z) = z**2 + 8*z + 14. Let o(n) = -n**2 - 8*n - 12. Let a(d) = 4*c(d) + 5*o(d). Let g = -40 - -40. Let w = -8 + g. What is a(w)?
-4
Let d(s) = -9*s + 8*s + 11 + 7*s - s. Give d(6).
41
Suppose -16*a + 21 = -9*a. Let o = a - 0. Let t(c) = 2*c + 5 - 3*c + 6*c**o - 10*c**3 - c**2 - 4. What is t(1)?
-5
Let z(v) = 2*v**3 - 2811 + 14*v - 3*v**3 - 10*v**2 + 2845. Give z(-11).
1
Let k = 9 - 7. Suppose -c - 4*y + 29 = 0, -2*c - y + 38 = 2*y. Let w(g) = -9*g + c + 4 - 5*g - 15. What is w(k)?
-26
Let o(a) = a + 3*a - 2*a - 28. Suppose 0 = 3*r + 3*p + 4278 - 4281, 2*p = -3*r + 19. What is o(r)?
6
Suppose 12*j - 17*j = -5, 2*j - 10 = -2*k. Let x(u) = -u + u**2 - 2*u**2 + 1 + 10*u - k*u. Give x(4).
5
Let r(j) = 37 - 51*j**2 + 16*j + 57*j**2 - 7*j**2. What is r(19)?
-20
Let b(d) = -13 + 4*d**2 + 816*d**3 - 817*d**3 + 6*d - 2. Let l be b(3). Let x(z) = z**2 - 12*z + 7. Calculate x(l).
7
Let m(c) = -7*c - 7. Let w(l) = -12*l - 13. Let x(z) = 5*m(z) - 3*w(z). Suppose -64*f + 70*f = 66. Determine x(f).
15
Let q be (-20)/16 - (-3)/12. Let u(z) = 6*z**2 + 4*z**2 - 20*z**2 + 10*z**2 + 18*z**3 - 1. Determine u(q).
-19
Let j(m) = -10*m - 1406. Let d(f) = 2*f + 270. Let p(y) = -26*d(y) - 5*j(y). Let s = 27 - 19. Calculate p(s).
-6
Let s(l) = -2*l**2 - 9*l - 9. Suppose -4*x + 2*r = 32, r + 335 = -x + 336. Give s(x).
-14
Let z(q) = -10*q - 341 - q**2 - 282 + 980 - 282. Give z(6).
-21
Let y(l) be the second derivative of -l**4/12 + 11*l**3/3 - 56*l**2 + 3273*l + 2. What is y(12)?
8
Let b(f) = 126*f**3 + 68*f**2 + 51*f + 111. Let v(x) = 29*x**3 + 17*x**2 + 13*x + 28. Let r(j) = 3*b(j) - 13*v(j). Determine r(18).
5
Let n(c) = -c**3 + 17*c**2 - 14*c - 17. Let d = -3632 + 3648. Calculate n(d).
15
Let a(c) = 2*c**2 + 31*c + 21. Suppose k = 3*g - 14, -2*k - 14 - 2 = -2*g. Let s(m) = -m**2 - 15*m - 11. Let z(o) = k*s(o) - 2*a(o). Calculate z(-12).
1
Let q(o) be the third derivative of -5/6*o**3 - 92*o**2 + 0 + 0*o + 1/24*o**4. Determine q(7).
2
Suppose -4*x - 20 = 2*y, -5*y = 18*x - 19*x - 27. Let n(r) be the third derivative of r**6/120 + 2*r**5/15 + 3*r**4/8 + r**3/2 - 16*r**2. What is n(x)?
-11
Let o(h) = 7*h + 1. Suppose 9*u - 5*u = 20. Let j be 4/(32/18) + (-84)/(-112). Suppose -u*q = -2 - j. Calculate o(q).
8
Let i(v) = -663*v**3 + 664*v**3 - 113 + 587*v - 28*v**2 - 676*v. Give i(31).
11
Let n(s) = -5 + 2012*s - 15 - 4*s**2 + 5*s**2 - 1016*s - 1008*s. Determine n(0).
-20
Let g(m) = 115*m - 216. Let j(l) = 63*l - 109. Let k(d) = 6*g(d) - 11*j(d). Calculate k(-33).
2
Let o = -184 - -178. Let f(q) = 10*q + 41. What is f(o)?
-19
Let p(l) = -4*l - 271*l**3 + 3*l**2 + 0*l**2 + 272*l**3 + 5. Let b be 24/(-12) + -5 + 2. What is p(b)?
-25
Let p(t) = 5*t - 12. Suppose l = a + 10, 35*l - 34*l + 3*a - 26 = 0. Give p(l).
58
Let s(l) = 8*l + 20. Let d(u) = 3*u + 7. Let j(h) = 11*d(h) - 4*s(h). Let a be 0 + -1 + 0 + (12 - -16). Suppose 83 - a = -7*v. Determine j(v).
-11
Let i(w) = w + 5. Let s be i(-3). Suppose 0 = -s*m + 2. Let c(l) be the first derivative of l**4/2 + l**2 - l - 13. Determine c(m).
3
Let h be 2/4*(-54 - -44). Let d(s) = 24*s + 113. What is d(h)?
-7
Let b(q) = -6*q**2 + q. Let z(v) = -2*v**2 + 25*v + 56. Let w be z(-2). Let c be (-1)/2 - -3*w/(-4). Give b(c).
-5
Let o(r) be the second derivative of r**5/20 + r**4/12 - 2*r**3/3 - 2*r**2 + 93*r + 19. Determine o(-2).
0
Let u(o) = -2*o**2 - 11*o + 13. Let v = 42 + -49. Give u(v).
-8
Let p(v) = -2*v + 26. Let t be p(8). Let b be (-4)/t + 210/25. Let o(a) = -a + 17. Calculate o(b).
9
Let w(d) = 2*d**3 - 15*d**2 + 6*d - 3. Let p be (-6 - (0 - -6)) + 15 - (-5 + 1). Calculate w(p).
-10
Let z be (933/622)/((-6)/(-44)). Let k(l) be the third derivative of 2*l**2 - z*l + 2*l**3 + 1/24*l**4 + 0. Give k(0).
12
Let d(k) = -14*k + 2*k**3 + 11*k + 4 + 6*k**2 + 11*k**3 - 17*k**3. Let n(a) = 3*a**3 - 6*a**2 + 2*a - 6. Let j(q) = -4*d(q) - 5*n(q). Determine j(-6).
2
Let g(b) = 4 + 18*b - 1 - 4. Let p = 1412 + -1324. Suppose 0 = 15*u - 103 + p. What is g(u)?
17
Let f be 10*(-2 + (-36)/(-15)). Suppose -4*w - 5*u = -1, 0 = -4*u + f. Let v(p) = 2 - 81*p - 4 + 76*p + 1. Determine v(w).
4
Let d(c) = -c - 10. Let a(u) = -u**2 + 16*u + 19. Let m be a(8). Let f = m - 80. Suppose f*s + 41 = -5*i, 0 = -4*i + 3*s - 3 - 19. Determine d(i).
-3
Let v(k) = -4*k**3 + 1. Let f = 92 - 82. Suppose -15 = -5*i - f. Give v(i).
-3
Let y = 200 + -110. Suppose y = 5*i + 5*p, 0 = 4*i + 3*p - 4*p - 72. Suppose i = -3*l + 6*l. Let b(x) = x**2 - 7*x. Calculate b(l).
-6
Suppose a = -a - 4*u, 3*a + 4*u - 8 = 0. Suppose -t = a - 10. Let q(j) = -j**t - 1 - 3*j**3 - j**3 - 3*j**3 - 2*j + 5*j**3. Determine q(-1).
2
Suppose -16*n = -17*n - 7. Let y(d) = 68*d**2 + 3*d - 12 - 21*d**2 - 39*d**2 + 3*d**3 - 2*d**3. What is y(n)?
16
Let n(z) = -z - 5. Suppose 0 = -24*h - h + 1850. Let b = h + -79. What is n(b)?
0
Let f(n) = n**2 - n - 3. Let j(z) = z**2 - 14*z + 41. Let v be j(4). Let w be 6*(-1)/2*1 - v. Give f(w).
17
Suppose 2 + 4 = 3*g. Let h be (-2)/(-13) - (-802)/26. Let s(w) = -15 - 23 + h + g*w - w. What is s(5)?
-2
Let h(s) = -s**2 - 15*s - 14. Let x = 1392 + -1407. Calculate h(x).
-14
Let w be (418/99)/(-19) + (-183)/27. Let a(b) = -5*b - 19. Let s(k) = 2*k + 9. Let q(o) = -6*a(o) - 13*s(o). Give q(w).
-31
Let z(p) = -3*p + 48. Let f be z(14). Suppose -4*k - 2*a - 2 = 0, -3*a - 2 - 3 = 5*k. Let j(i) = -29*i + 4*i**k + 10*i - 3*i**2 + 12*i - 1. Determine j(f).
-7
Let z(n) be the second derivative of n**3 - 126*n**2 + 10531*n. Give z(43).
6
Let m(p) = -48*p - 69*p + 3 + 145*p - p**2 + 2*p**2 + 178. What is m(-11)?
-6
Let l(j) = -155*j - 1 + 136*j - 1695*j**3 - 16*j**2 + 1698*j**3. Calculate l(6).
-